 -3) + 14?
11
Evaluate (12 - (-6 - -6)) + 2.
14
Evaluate 9 - 9 - -5 - ((4 - 5) + 2).
4
What is the value of 3 + -1 - 29 - (229 + -239)?
-17
What is 66 + -71 + -1 + -7 + 4?
-9
What is the value of 3 + -28 + (27 - 25)?
-23
What is the value of -13 + (-15 - -6) + (-14 - -16)?
-20
What is -17 + 2 + (31 - -1)?
17
Evaluate (-16 + (-7 - -4) - -6) + -3 + 4.
-12
-3 + 9 + (-4 + 41 - 74)
-31
-4 - (-23 - (11 - (8 + 0 - 2)))
24
-17 + 39 + -45 + (11 - -1)
-11
(4 - 7) + -3 + (0 - (0 + -5))
-1
5 + 2 + 53 + -42
18
Evaluate 4 + -61 + 59 - (-20 + 0).
22
20 - (12 + -2 + -1)
11
Evaluate 14 - ((68 - 49) + -10 + 1 - 1).
5
Calculate -2 - (-5 + 9 + (0 - (-3 - -4))).
-5
Evaluate -32 - (9 + -37 + 6).
-10
What is -9 + 1 - (896 - 920)?
16
What is the value of -1 + (1 + -3 - (-17 - -11 - -11))?
-8
What is the value of -8 + 22 + -21 - 12?
-19
Evaluate -1 + (-16 - (1 + -5 - 1 - 2)).
-10
(44 - 21) + 4 + 4 + -3
28
Calculate 27 + -20 + (2 + -2 + 0 - 22).
-15
Calculate 11 + (-7 - 0) + 11 + -7 + -5.
3
Evaluate (19 - (-10 - -5)) + -35.
-11
Evaluate 0 + -7 + (-2 - (-3 + -1 - 3)).
-2
Evaluate 5 + 5 + (9 - (8 - 6) - 17).
0
-2 - ((-4 - -35) + (-2 - 4)) - -2
-25
What is the value of (4 - 23) + 4 - (-3 + 15 + -6)?
-21
What is the value of (1 - -7) + (-10 - (-15 + 18) - -13)?
8
Evaluate 10 - (-25 + 36 - -18).
-19
What is the value of -6 + 1 + 1 + -49 + (25 - -19)?
-9
What is (-24 - -5 - -10) + 1?
-8
What is the value of 19 + (-13 - (3 - 8)) + -5?
6
What is -28 + (3 - (8 - 18)) + -5?
-20
What is the value of (1 - (2 - (0 - -2))) + -66 + 62?
-3
1 + -2 + -2 - -3 - (-105 - -93)
12
Evaluate 6 - (-3 + (-5 - -3) - (-14 - -7)).
4
Evaluate 13 + (5 - 10) + 0 + -7.
1
38 - (64 + -20 + -27)
21
Calculate 128 + -129 + (0 + -14 - (1 - 4)).
-12
Calculate 5 + (1 + -11 - (3 - 13)).
5
Calculate -9 + 12 + -10 + 10.
3
What is the value of -8 + (-6 + 2 - (-4 - 0))?
-8
What is (4 + -5 - 0 - 9) + 0 + 14?
4
Evaluate 32 + -58 + 23 - -25.
22
Calculate (-90 - -95) + (-2 - (1 + 0)) + 2.
4
What is the value of (1 - (29 + -2)) + 34?
8
(-8 - (-25 - -26)) + (17 - 1)
7
Evaluate -2 + 3 + -3 + 2 + (-86 - -74).
-12
What is -10 - (6 - (3 + -3 + 6)) - 6?
-16
What is the value of -9 + 4 - -10 - (-3 - 7 - -9)?
6
Calculate 56 + -60 + (25 + -14 - (1 + -1)).
7
-31 + 13 - (-14 - -9)
-13
What is (18 - (20 + -26)) + -1 + -9?
14
(3 - 7) + 14 + 3 + -31
-18
Calculate -11 + 7 + 16 + (-1 - 6) - -8.
13
What is (26 - 17) + 22 + 1 + -4?
28
Calculate -24 + 64 + -19 + -21.
0
Evaluate (-1 - -4) + -12 - -11.
2
What is 22 - (24 + 10) - (-3 + 23)?
-32
Evaluate -3 + -7 + 12 + 5.
7
Evaluate 0 - ((-4 + 5 - -4) + 0).
-5
What is the value of (-11 - 35) + (8 - 8) + 12?
-34
Calculate 3 + (0 + -2 - 2).
-1
What is (1 - 0) + -7 + (4 + -4 - 6)?
-12
Evaluate -39 + 50 - ((-2 - 2) + 13 + -1).
3
What is the value of (1 - -13 - (-182 + 234)) + (-1 - -11)?
-28
Calculate 1 + -5 + 34 + -29.
1
Evaluate (-9 + -1 - -18 - -4) + 1.
13
What is -20 + 13 - (-21 + 12)?
2
Evaluate (-7 - -4) + -1 - (-15 - -6).
5
What is 17 + 2 + 13 + -17?
15
Evaluate 2 + 1 + 4 + (0 - 2) - 15.
-10
Calculate -20 + 17 - 1 - (-17 + -2).
15
What is the value of (-14 - -3) + -1 + -2?
-14
Calculate -10 + 11 + (13 - 2).
12
Evaluate 23 - (22 + (-8 - -12)).
-3
-11 + 14 + (5 - 7) + -34 + 29
-4
Evaluate 1 + -2 - (199 - 207 - (1 + -3)).
5
-315 + 328 - (26 + 3 - -3)
-19
Calculate (-8 - -3) + 0 + 23 - (-11 + 8).
21
Evaluate 4 - (-8 + (7 - -12)).
-7
Calculate (-28 - -21 - (-6 - (-2 + -1))) + 8.
4
Evaluate (4 - (-3 + -30)) + -32.
5
Calculate 2 + 3 + 3 + -3.
5
What is the value of 2 + 14 + (-19 - -10)?
7
-12 - (-34 - -76 - 65)
11
Evaluate 4 + ((-3 - -1) + 3 - (30 - 25)).
0
Evaluate (1 - -1) + 1 + 0 + -257 + 268.
14
-17 - (31 + -112 + 44)
20
What is 8 + 15 + -8 + -1?
14
-24 + (11 - -8) - (-6 + -11)
12
(16 - 10) + -27 + -4
-25
What is the value of 1 + 5 - (4 + (9 - (6 - 7)))?
-8
Calculate 9 - -2 - (4 + -7 + 0).
14
Evaluate (44 - (24 - 17)) + -22.
15
Calculate (1 + -11 - -1 - -4) + 0.
-5
What is -7 + 8 - -13 - -6?
20
Evaluate (17 - (19 + 4)) + -1.
-7
What is the value of 5 + (-7 - (-4 + 4 + -3 + 5))?
-4
Calculate 15 - -3 - ((-34 - -15) + 34).
3
What is the value of -1 - -3 - (1 - 0) - (-884 + 895)?
-10
What is the value of 2 + -17 + 26 - -1?
12
Evaluate (-3 + 13 - 5) + -1 + -12 + 7.
-1
Evaluate -5 - (10 - (9 - -17)).
11
What is the value of (10 - (-10 - -32)) + 20?
8
What is the value of (-8 - (-10 - -2)) + 5 + 2 - 2?
5
-7 - ((19 - 8) + (-2 - 11))
-5
What is the value of -11 + 12 + 7 - (0 - -3) - 10?
-5
What is 8 - 1 - (-9 - -17 - 10 - -27)?
-18
Calculate 10 - (23 - 13) - -6.
6
Calculate -8 + (-3 - (-5 + 1 - -4)).
-11
Evaluate -90 + 84 + (-2 - -21).
13
What is the value of -9 + (-7 + 9 + -3 - 5)?
-15
Calculate -8 + (21 - (-12 + 9)) - 14.
2
What is the value of -5 + 1 + -14 + 12 + (1 - -2)?
-3
What is the value of -579 - -575 - (-22 + 0)?
18
-8 - 2 - (-39 - (-30 - -24))
23
Evaluate (12 - 2) + 61 + -64.
7
Calculate -26 - -35 - (4 + 13 + 5).
-13
Evaluate (2 + 1 - -7) + 3 + -3 + -1.
9
Evaluate -13 + -3 - (79 - 87).
-8
Calculate (-3 - 0) + 4 + -9 - (-121 - -114).
-1
What is -25 + (-10 - (-21 - -8) - (-5 - 0))?
-17
(0 - 0) + 57 + -58 + 1 + 1
1
Calculate -4 + 17 - -2 - (-1 + 11).
5
What is the value of 14 + 13 + -32 + -1?
-6
What is the value of -7 - (6 - -7 - 67) - 12?
35
-1 - (-7 + -2 - (15 - 8))
15
What is the value of -4 + 2 - (-15 - -17) - -17?
13
What is the value of 0 + 2 + 7 - (-38 + 35 - 4)?
16
What is the value of -6 + 5 + 11 - (4 + 0)?
6
Evaluate -6 - (0 - 2) - ((-29 - -8) + 8).
9
Calculate -9 + (0 - (7 - (7 - 6))) - 3.
-18
What is the value of 1 + (1 - 2 - 3) - (-132 + 128)?
1
What is the value of -311 + 322 + 1 + -9 + -1 + -20?
-18
What is the value of (-8 - -15 - (9 + -2)) + -11?
-11
Calculate -5 + 0 + -122 + 110.
-17
What is the value of -105 - -94 - (1 + -26)?
14
Evaluate -7 + -8 + 3 + -2.
-14
Calculate -21 - (-28 - (-22 + 8)).
-7
What is the value of (5 - (7 - 14)) + -14 + -13?
-15
125 + -118 + (-1 - 6) + 9
9
1 - -3 - (-287 + 289)
2
What is -24 - (-11 - -9 - (-1 + 2) - 0)?
-21
What is (-19 - (-52 + 5)) + (8 - 6)?
30
68 + -106 - (-11 - 46)
19
Evaluate -1 + 1 + 1859 + -1876.
-17
What is the value of -1 - 9 - (11 + 4 + -22)?
-3
What is the value of -10 - -13 - (24 + -22 - (9 - -1))?
11
What is the value of 7 + -5 + 9 + (0 - 0 - -1)?
12
Calculate 28 + (11 - 12) + -12 - 13.
2
What is -2 - (4 - (7 - 5))?
-4
Evaluate 4 + -28 + 19 + -1 + 3 + 0.
-3
What is the value of -3 + (11 - (-1 - (-1 - 7) - -16))?
-15
(-2 - -18) + -27 + 13 + 5
7
What is 28 + 22 + -45 - (12 - 1)?
-6
-7 - ((4 - (7 + -4)) + -16)
8
What is (-11 - -3) + 13 + 1 - (-1 + 10)?
-3
12 + (33 + -43 - 36)
-34
What is 6 + (-29 + 0 + 6 - (4 - 9))?
-12
What is the value of 22 - (59 - 36) - (-6 + 0 + 1)?
4
What is the value of 0 + 2 + -9 - (38 + -27 - 16)?
-2
15 + -37 + -4 - -7
-19
(2 - 8 - -11) + -14 - -11
2
What is the value of -13 - (-48 + 29) - (1 + -7 + 2)?
10
Calculate -126 + 131 - (1 + 0 + (16 - -2)).
-14
(8 - (-16 - -52)) + 13 + -10
-25
Evaluate -17 + -27 + -17 + 54.
-7
What is the value of -2 - (-6 + 7 - -2 - -2)?
-7
-27 + (28 - (-6 + 19)) + 18
6
Calculate (59 - 77) + 7 + 5.
-6
What is the value of 3 - ((-1 - 2 - (-17 + 1)) + -5)?
-5
What is the value of 45 - 27 - (11 + 26 + -1)?
-18
Evaluate (-17 - 0) + (-30 - -43 - (-1 - -9)).
-12
-29 - (-30 - (-7 + -17))
-23
Calculate (-15 + (2 - -4) - -17) + -1.
7
What is 0 + 3 + (14 - (-4 + 29))?
-8
Calculate -7 - (48 - (45 - 14)).
-24
Calculate (-13 - -26 - 22) + 10.
1
What is the value of (-6 - (21 + -31)) + -3 + 3 - 8?
-4
Calculate -3 + (9 + -1 - 8) + -4.
-7
Evaluate 13 + -14 + (5 - (1 + -5 + 7)).
1
1 - -6 - (-41 - -23)
25
What is (6 - 4) + -6 + (0 - (8 - 9))?
-3
((0 - 3) + -1 - (-6 - -7)) + -10
-15
37 - (6 + 5 + -24 + 27)
23
What is -4 + (-6 - -6) - (20 - (-1 + 7))?
-18
What is the value of -330 + 326 + -2 + -2 + 0 + 1?
-7
What is (-2 - 0) + (32 - 67) + 34?
-3
Evaluate -28 + 29 + -16 - (0 - -4).
-19
Evaluate -30 + 81 + -47 - ((2 - 2) + -5).
9
-8 + (6 - -28 - 9)
17
What is the value of 5 + -25 + 5 + (-153 - -148)?
-20
Calculate -6 + -19 + 53 + -23.
5
What is -9 + (8 - (-1 + -15)) + -6?
9
Calculate 31 + -1 - (1518 - 1514).
26
Evaluate 2 - (9 - 5 - (-8 - -5 - -2)).
-3
-7 - -12 - (20 + -2 - 7)
-6
What is -20 + (54 - 20) + -16?
-2
Calculate (5 - 15) + 3 + (-28 - -47).
12
Calculate -31 + 1 + (-1546 - -1590).
